12). Is m/6 - 883/(-2) a prime number?
True
Suppose -4*m + 70 = -5*y, -2*m = m. Is (-4630)/y + 10/35 composite?
False
Suppose 10*m = 16 + 14. Suppose -m*q + 889 = -5804. Is q a composite number?
True
Let s = -27 - -27. Is 2/(-4)*(-1814 - s) prime?
True
Let m be (3/(-4))/(1/4) - -3. Suppose m = 9*g - 105 + 15. Is g a composite number?
True
Suppose 5*v + 2*m = 192 + 81, -215 = -4*v - 5*m. Suppose 5*h + v - 5 = 0. Is 4543/55 + (-4)/h a prime number?
True
Let w = 1 + -1. Suppose -4*r - 4*r + 18136 = w. Is r a composite number?
False
Suppose -4*p + 0*h = -3*h + 95, -3*h = -15. Is (0 - 428/8)/(2/p) prime?
False
Let u = -265 - -336. Is u a composite number?
False
Suppose -3*g + 25 = -3*x + 5*x, -2*g = -3*x + 5. Is (x/(50/(-6295)))/(1/(-10)) prime?
False
Let a(h) = 245*h**2 - 21. Is a(14) a prime number?
False
Let d(o) = -36*o - 3. Let t(i) = -i**3 - 3. Let w be t(0). Let r be d(w). Suppose 9 = 3*b - r. Is b prime?
False
Let z = 98 + -94. Suppose s = z*s - 9, s = -4*d + 895. Is d a composite number?
False
Suppose 3*p + p + 14652 = 3*y, 3*p - 4871 = -y. Suppose 5*n - 2*g = 12221, -2*n - g + y = g. Is n prime?
False
Suppose -5*c + n + 70585 = 0, 47387 - 5036 = 3*c + 3*n. Is c composite?
True
Let t = 106 - 102. Suppose -130 = -t*h + 2*i, h - 5*i - 108 = -2*h. Is h a prime number?
True
Suppose -4*z + 4 = 2*s, s + 0*z + 3 = 3*z. Let d be 2 - (-138 + s + 2). Let q = 253 - d. Is q composite?
True
Suppose -w + 3*c = -7, 0*c = 4*w - 3*c - 10. Let n be (1 + w)/(4/(-30)). Is 92*1 - n/5 a prime number?
False
Let m = 13351 - 7652. Is m prime?
False
Let d(o) = -21*o**3 - o**2 + o - 11. Let s(v) = -62*v**3 - 2*v**2 + 2*v - 32. Let k(y) = -11*d(y) + 4*s(y). Is k(-4) prime?
False
Let t = -4 - -6. Suppose 8*m - 5*p = 5*m + 155, -m - 4*p + 63 = 0. Suppose -m = -t*z + 127. Is z composite?
True
Is 10870 + (-2)/(-5 + 3) prime?
False
Is (-272312)/(-56) - 2 - 4/(-14) prime?
True
Suppose 0 = 3*z - 2*m - 24647, -2*z + 8*m - 9*m = -16422. Is z composite?
True
Suppose 0 = b - 0*c + 3*c + 10, 4*c = -5*b + 5. Suppose -4*m + b = m, -52 = -2*o + 2*m. Is 4017/o + 14/63 a composite number?
False
Is (7/(-126)*-42)/((-1)/(-6711)) composite?
True
Let x(g) = 232*g**2 - 7*g + 1. Let z be x(6). Let c = z - 3478. Suppose 4*f - 3*y = 2*f + 1937, -c = -5*f - 2*y. Is f composite?
False
Let o be (5/2)/(28/(-8) + 4). Suppose -o*l = -0*l - 2855. Is l composite?
False
Suppose 45 = -2*c - c. Let u = 12 + c. Is (54*u)/(-3) - 3 a composite number?
True
Suppose -x - 1998 = -t, -x + 6*x = -5. Suppose 4*q - 7*q + 5*b + t = 0, 2666 = 4*q - 5*b. Is q a composite number?
True
Let v(f) = 71*f - 618. Is v(55) prime?
False
Suppose -21*i - 1098010 = -59*i. Is i prime?
False
Let h = -3893 - -6756. Suppose -3*c = -4*b + 6189, c - b + h - 799 = 0. Is c*(-1)/(0 + 3) composite?
True
Suppose -8794 = -5*k + 5*v - 6*v, k - 5*v - 1764 = 0. Is k a prime number?
True
Let v(z) = 50*z**2 - 3*z - 3. Let c = -8 + 6. Let j be v(c). Let b = j + -46. Is b a prime number?
True
Let y be (-5)/2*32/(-20). Is (y/(-6))/(56/(-40236)) prime?
True
Suppose -41357 = -3*n - 5*x, 10*x = -5*n + 13*x + 68951. Is n prime?
True
Let u(r) = 3 - 1 - 3 - 14*r**3 - r**2 + 0*r**2 - 3*r. Is u(-2) a composite number?
False
Let r = -3727 - -10365. Is r a prime number?
False
Let d = -51 - -53. Suppose 2*s + d*s - 1629 = -j, 5*j = 2*s - 809. Is s prime?
False
Let i(r) = 16*r - 21. Let t = 14 + 0. Is i(t) composite?
True
Let l = -66182 - -95703. Is l composite?
True
Let u(i) = 10080*i**2 - 3*i + 2. Is u(1) a prime number?
True
Let m = 1139 + 1592. Is m a prime number?
True
Let z(a) = 54*a - 25. Let f be z(19). Suppose x - j = 327, -j + f = 3*x + j. Is x prime?
True
Let n(p) = 3*p - 440. Let l be n(0). Let u = 209 + l. Let k = u + 538. Is k prime?
True
Suppose 0 = 5*j + 5*b - 3885, -3*j - 2*b = -6*b - 2359. Is j composite?
True
Let s = -153 - -154. Let w(g) = 4226*g**3 - g**2 + g + 1. Is w(s) prime?
False
Let f(a) = 43*a**2 + 21*a - 13. Is f(-9) composite?
True
Let v(x) be the first derivative of -5*x**5/2 + x**2/2 + 4*x - 3. Let q(s) be the first derivative of v(s). Is q(-1) prime?
False
Let w = 11586 - 5623. Is w a prime number?
False
Let h(m) be the second derivative of 12*m**3 + 11*m**2/2 + 9*m. Let o be h(6). Let k = -266 + o. Is k a composite number?
True
Suppose k + 1 + 1 = 0. Let t(c) be the third derivative of c**5/5 + c**4/12 + c**3/2 + 2*c**2. Is t(k) a composite number?
False
Suppose 3*o - 2*o = 0. Suppose o = -f + k - 3*k + 97, 0 = -5*f + k + 529. Let u = 164 - f. Is u a prime number?
True
Suppose c - 3032 = -5*i + 21278, -9727 = -2*i - c. Is i composite?
False
Let y = -95 - -94. Is ((-74)/4)/((-12)/8 - y) a prime number?
True
Let f(r) = 9*r - 18 + 9 - 7*r + 10*r**2. Suppose 3*o + 4*n - 15 = 0, -4*o + n - 5 = -5*o. Is f(o) a composite number?
False
Is (1543718/(-11))/(-11) + 0/(-2) composite?
True
Let r = -15119 - -21760. Is r a prime number?
False
Let v = -17616 - -31695. Suppose -9*c + v = -654. Is c a composite number?
False
Let o = -5 - 1. Let p(u) be the second derivative of -11*u**3/6 - 9*u**2/2 + 4*u + 4. Is p(o) a composite number?
True
Let a(w) = 23*w + 39. Let x(v) = -v - 1. Let l(c) = -a(c) - 4*x(c). Is l(-18) prime?
True
Suppose 2*y + 55 - 3 = -n, -102 = 4*y + 3*n. Let x(t) = t**2 - 18*t - 28. Is x(y) composite?
False
Suppose 4 = -2*n + 14. Suppose -4*v = -v + 3*s - 2259, 0 = -2*v + n*s + 1492. Is v a prime number?
True
Let s(d) = 3*d**2 - 2*d - 2. Suppose -b = 2*b. Suppose -4*y + 5*o + 36 = b, -o + 36 = 4*y + 2*o. Is s(y) prime?
True
Suppose 3*n - 5*i + 4410 = 21259, -4*n - 5*i = -22512. Is n a composite number?
False
Is -8*(1 - (-10191)/(-24)) a composite number?
False
Suppose -3*f + 4*x - 288 = 448, f + 257 = -x. Is f/(-1) - (-11)/(-11) composite?
False
Let x(a) = -190*a + 187. Is x(-16) a prime number?
False
Let k(n) = 67*n**2 - 33*n + 471. Is k(19) composite?
True
Suppose 6*f - 1 = 5*f. Let a be (-5 + 3)*((-263)/(-2) + 0). Is (f - -1)/((-2)/a) a composite number?
False
Let y be (-94)/(-329) + (11408/7)/1. Suppose 1545 = 5*c - y. Is c composite?
True
Let h(l) = l**2 + 8*l + 7. Let i be h(-8). Let r(b) = i*b**2 - 2 + 0 + 5 - b - 6. Is r(-5) a composite number?
True
Let u be (-5)/(6 - 1) - 3. Is u/5 + 4918/10 a composite number?
False
Suppose 0 = o - 6*o - 4*p - 8, 3*p + 6 = 0. Let v be 3 - o/(-3) - 3. Suppose v = -0*w - 2*w + 134. Is w prime?
True
Suppose 10*u = 6*u + 2224. Let s = u + -2. Is s prime?
False
Let g be (-18)/(-5)*(1562 - 7). Suppose -2*q = 7*q - g. Is q a composite number?
True
Let n be 20/130 - 230/(-26). Suppose 0 = -x - 3*f - n, -10 = 2*x + 4*f. Suppose -x*l - 1394 = -i - 436, -2*l + 4875 = 5*i. Is i composite?
True
Suppose 126*b = 125*b + 13495. Is b prime?
False
Suppose 128 - 131 = -j. Suppose 2*p = 5*l - 3149, j*p + 255 + 1009 = 2*l. Is l prime?
False
Let b(k) = 792*k + 86. Is b(20) a composite number?
True
Let i = 23 + -23. Suppose i = -2*d + 81 + 37. Is d composite?
False
Let w be 2/10 + 149617/65. Suppose -825 + w = 7*b. Is b prime?
True
Let q(p) = 6*p**2 - 6*p - 17. Is q(27) a prime number?
False
Suppose 6*j - j - b = 159, b + 95 = 3*j. Suppose q - 132 = -2*q. Suppose -q - j = -4*g. Is g prime?
True
Let q(s) = 71*s + 13. Suppose 0 = 3*h - 5*n + 1, 2*n = -3*h - n + 15. Is q(h) a prime number?
False
Suppose -3*u + 3*q + 36 = -3, 3*q = -u + 25. Suppose 13*n = u*n - 705. Is n a prime number?
False
Let g(s) = s**3 - 5*s**2 + 2*s - 6. Let p be g(5). Suppose 4 = -p*n, -3*n = 4*l - n - 1178. Is l a composite number?
True
Let l(j) = -j**3 + 7*j**2 + 168*j + 11. Is l(-13) prime?
False
Suppose -2*v = 5*j - 273, -4*j + 41 = v - 103. Suppose -v - 8 = -4*q. Suppose 4*p - 137 = -q. Is p a prime number?
False
Let r = 1324 - -1323. Is r a prime number?
True
Let u = 2371 + -1442. Let c = 138 + u. Is c composite?
True
Suppose -r + 4*r + 201 = 0. Let x = 132 - r. Is x composite?
False
Let h = 3835 + -508. Suppose -h - 4565 = -4*s. Is s prime?
True
Suppose -4*o = 3*o - 5*o. Suppose -6*a + 786 = -o*a. Is a a composite number?
False
Suppose 923 = -3*t - v + 4251, -5543 = -5*t + 2*v. Is t a prime number?
True
Let g be 1/(-7) + (-8052)/(-14). Let q be 11 - 15 - g/(-1). Suppose h - 4 = 3*h, 3*h + q = 5*a. Is a prime?
True
Let d(z) = 2*z**2 - 48*z - 25. Is d(-14) a composite number?
False
Suppose -d = 57 - 554. Is d composite?
T